{"id":769,"date":"2008-11-18T11:56:52","date_gmt":"2008-11-18T12:56:52","guid":{"rendered":"http:\/\/blog.pacific-high.com\/?page_id=769"},"modified":"2008-11-18T11:56:52","modified_gmt":"2008-11-18T12:56:52","slug":"strom-elektrik","status":"publish","type":"page","link":"http:\/\/pacifichigh.de\/wp_ph_de\/?page_id=769","title":{"rendered":"Strom \/ Elektrik &#8211; Theorie"},"content":{"rendered":"<p><!--:de--><\/p>\n<p style=\"text-align: justify;\">Elektrische Energie wird immer wichtiger an Bord eines modernen Fahrtenseglers. Ohne Strom k\u00f6nnen wir nicht per GPS und Chartplotter navigieren, arbeitet der Autopilot und die Funkanlage nicht, gibt es kein Licht und keine k\u00fchlen Getr\u00e4nke: kurzum, ohne Strom funktioniert (fast) nichts an Bord! Wir kochen dazu auch noch elektrisch. W\u00e4hrend der Planungsphase unseres Segelabenteuers, haben wir ganz bewusst auf Gas an Bord verzichtet, auch wenn uns dieses viel \u00dcberredungskunst gekostet hat. \u00dcberhaupt, haben viele unserer Ideen bez\u00fcglich des Bordstromnetzes bei den Ausr\u00fcstern, den \u201esogenannten Fachleuten\u201c, erst einmal heftiges Kopfsch\u00fctteln, ja teilweise Entr\u00fcstung und Ablehnung hervorgerufen. Oft mussten wir uns ein: \u201e&#8230;nein, das geht nicht, das hat noch niemand so gemacht, das wird bestimmt nicht funktionieren, ihr werdet schon sehen&#8230;\u201c anh\u00f6ren. Lustiger weise sind viele unserer Ideen heute \u2013 knapp drei Jahre sp\u00e4ter \u2013 zwar nicht der Standard &#8211; aber doch in der Bootsbranche \u00fcblich. Ich m\u00f6chte jeden ermutigen anders zu denken, die ausgetretenen Pfade zu verlassen. Ich kenne keine andere Branche, die so konservativ, so vergangenheitsbezogen ist, wie die der Segler&#8230; aber dazu im Verlaufe des Eintrages mehr&#8230;<\/p>\n<p style=\"text-align: justify;\">\n<p style=\"text-align: justify;\">Da Strom unsere Lebensgrundlage an Bord bildet, und wir \u00fcber weite Strecken unserer Segelreise autark leben, m\u00fcssen wir in der Lage sein gen\u00fcgend Strom selbst zu produzieren und diesen auch in ausreichender Menge zu speichern. Auch ist es wichtig dass wir mehrere Systeme zur Stromerzeugung haben und nat\u00fcrlich werden wir versuchen so effizient wie m\u00f6glich mit dem Strom umzugehen.<\/p>\n<p><span style=\"color: #ffffff;\">.<\/span><\/p>\n<p style=\"text-align: justify;\"><a href=\"http:\/\/blog.pacific-high.com\/wp-content\/uploads\/ph_stromdiagramm2.jpg\" target=\"_blank\"><img loading=\"lazy\" class=\"aligncenter size-full wp-image-813\" title=\"ph_stromdiagramm2\" alt=\"\" src=\"http:\/\/blog.pacific-high.com\/wp-content\/uploads\/ph_stromdiagramm2.jpg\" width=\"600\" height=\"424\" \/><\/a><\/p>\n<h3 style=\"text-align: justify;\">Stromerzeugung<\/h3>\n<p style=\"text-align: justify;\"><strong><span style=\"color: #ff6600;\">Solarzellen:<\/span><\/strong> Allein schon aus Umweltgr\u00fcnden werden wir die Grundlast unserer Stromerzeugung mit Solarenergie tragen. Wir haben dazu 4,5 qm Solarzellen auf den Davids \u00fcber dem Dinghy installiert. Diese sind auf einem Edelstahl-Gestell montiert und liefern 990WP. Wir haben knapp ein Dutzend Segler die zur Zeit auf der Barfussroute segeln und Solarzellen an Bord haben nach Ihren Durchschnittsertr\u00e4gen gefragt. Basierend auf Ihren Aussagen und intensiven Gespr\u00e4chen mit Solarherstellern erhoffen wir uns einen Durchschnittsertrag von 3 bis 4 KW t\u00e4glich, so lange wir uns +- 30 Grad vom \u00c4quator bewegen.<\/p>\n<p style=\"text-align: justify;\"><span style=\"color: #ff6600;\"><strong><span>Generator:<\/span><\/strong><\/span> Wir haben einen 11,5\u00a0 KW Generator von Onan an Bord, den wir dann einsetzen werden, wenn wir Gro\u00dfverbraucher wie Klimaanlage oder Herd \/ Backofen ben\u00f6tigen und parallel zum Laden unserer Batteriebank. Nach langen \u00dcberlegungen (zwischenzeitlich wurde auch eine Variante ganz ohne Generator durchgespielt) haben wir diese L\u00f6sung gew\u00e4hlt, da ein langsam drehender (1500 U\/min) Generator deutlich weniger anf\u00e4llig und langlebiger als seine schnelldrehenden kleinen Br\u00fcder ist und der Unterschied in Preis, Verbarauch und Gewicht zwischen einem 7KW und einem 11KW Generator nicht entscheidend ist. Last but not least ist der Generator so leise, dass wir schon mehrfach vergessen haben ihn wieder auszuschalten!<\/p>\n<p style=\"text-align: justify;\"><strong><span style=\"color: #ff6600;\">Lichtmaschiene:<\/span><\/strong> Beide Dieselmotoren sind neben der Standart Lichtmaschine f\u00fcr die Starterbatterie mit einer weiteren starken Lichtmaschine ausger\u00fcstet die schon bei geringer Drehzahl (Marschfahrt) die max. Ladeleistung f\u00fcr die Batteriebank erreichen. Es ist wichtig das beide Motoren eine Lichtmaschine haben und das jede stark genug ist die max. Ladeleistung zu erreichen da man bei einem Kat, um Diesel zu sparen,\u00a0 meistens nur mit einer Maschine f\u00e4hrt.<\/p>\n<p style=\"text-align: justify;\"><strong><span style=\"color: #ff6600;\">Landstrom:<\/span><\/strong> wir haben zwei Landstromanschl\u00fcsse: Einen f\u00fcr die Ladeger\u00e4te der Batteriebank, den anderen f\u00fcr die Starkstromverbraucher und das 220Volt Bordnetz.<\/p>\n<h3 style=\"text-align: justify;\"><span style=\"color: #000000;\"><span>Stromspeicher<\/span><\/span><\/h3>\n<p style=\"text-align: justify;\">Wir starten mit einer Batteriebank bestehend aus Blei-Gel Batterien mit einer Gesamtkapazit\u00e4t von ca. 1260 Amp. Gegebenenfalls werden wir die Kapazit\u00e4t auf 2000 Amp. erh\u00f6hen, aber dies muss die Praxis zeigen. Dies ist keine L\u00f6sung die uns wirklich gl\u00fccklich macht, da eine Blei-Gel Batterie nur ein schlechter Energiespeicher ist. Deutlich besser sind hier Litium Ionen Batterien wie ich sie aus dem Modellbausport seit einigen Jahren kenne. Im Vergleich zur Bleibatterie haben sie eine deutlich h\u00f6here Energiedichte, einen fast unbegrenzten Lade- und Entladestrom und sind unempfindlicher und langlebiger. Leider starten wir f\u00fcr diese Batterietechnologie zu fr\u00fch, selbst aktuelle Hybridfahrzeuge nutzen sie noch nicht. Einziger mir bekannter Hersteller\/Lieferant zur Zeit ist die Fa. <span style=\"color: #993300;\"><a href=\"http:\/\/www.torqeedo.com\/de\/hn\/produkte\/power\/techn-daten-und-masse.html\" target=\"_blank\"><span style=\"color: #993300;\">torqeedo<\/span><\/a> <span style=\"color: #000000;\">aus Starnberg die eine Lithium Mangan Baterie anbietet mit einer Kapazit\u00e4t von 2,0kWh bei 18kg Gewicht!<\/span><\/span><\/p>\n<h3 style=\"text-align: justify;\">Stromeffizienz<\/h3>\n<p style=\"text-align: justify;\"><strong><span style=\"color: #ff6600;\">Hier liegt der Schl\u00fcssel zum Erfolg!<\/span><\/strong> Die Unterschiede im Stromverbrauch zwischen vergleichbaren Ger\u00e4ten ist enorm. Man denkt in diesem Zusammenhang oft an die Navigatinsbeleuchtung oder den stromfressenden Autopiloten&#8230; In unserem Fall verbrauchen alle Navigationsinstrumente die wir zum segeln und navigieren ben\u00f6tigen mit Autopiloten, Radar und Chartplotter gerade einmal max. 22% des Tagesstrombedarf. Wo sind also die Stromfresser? Fangen wir mit den Navigationslichtern \/ Beleuchtung an: auf der Pacific High haben wir s\u00e4mtliche Lampen gegen aktuelle 3Watt High Power LED Leuchten getauscht. Dies ergibt eine Ersparnis von ca. 70% oder in unserem Fall eine Reduzierung von 700Watt auf 200Watt t\u00e4gich. Weitere Stromfresser an Bord sind die K\u00fchl- und Gefrierschr\u00e4nke. Die werftseitig verbauten K\u00fchl- und Gefrierschr\u00e4nke der Lagoon\u00a0 500 verbrauchen laut Datenblatt durchschnittl. 8,5 Amp. \/ Stunde (in der Praxis habe ich bis zu 11 Amp. gemessen). Wir haben einen handels\u00fcblichen sehr stromsparende Haushaltsk\u00fchlschrank in den Backbordrumpf eingebaut der bei\u00a0 25% mehr K\u00fchlvolumen ca. 60% weniger Strom verbrauchen (inkl. den Verlusten des Inverters). Viele Ger\u00e4te des t\u00e4glichen Bedarfs wie zum Beispiel das Radio brauchen im ausgeschaltetem Zustand immer noch Strom, manchmal nur geringf\u00fcgig weniger als im Betrieb. Wir haben daher alle Steckdosen an Bord mit mechanischen Ein- Aus- Schaltern versehen.<\/p>\n<p style=\"text-align: justify;\">Einen \u00dcberblick \u00fcber unseren Stromverbrauch gibt die folgende Tabelle, die keinen Anspruch auf Vollst\u00e4ndigkeit oder Perfektion erhebt&#8230;<\/p>\n<p style=\"text-align: justify;\"><a href=\"http:\/\/blog.pacific-high.com\/wp-content\/uploads\/ph_stromverbrauch1.jpg\" target=\"_blank\"><img loading=\"lazy\" class=\"aligncenter size-full wp-image-815\" title=\"ph_stromverbrauch1\" alt=\"\" src=\"http:\/\/blog.pacific-high.com\/wp-content\/uploads\/ph_stromverbrauch1.jpg\" width=\"600\" height=\"491\" \/><\/a><\/p>\n<p><!--:--><\/p>\n","protected":false},"excerpt":{"rendered":"<p>Elektrische Energie wird immer wichtiger an Bord eines modernen Fahrtenseglers. Ohne Strom k\u00f6nnen wir nicht per GPS und Chartplotter navigieren, arbeitet der Autopilot und die Funkanlage nicht, gibt es kein Licht und keine k\u00fchlen Getr\u00e4nke: kurzum, ohne Strom funktioniert (fast) nichts an Bord! Wir kochen dazu auch noch elektrisch. W\u00e4hrend der Planungsphase unseres Segelabenteuers, haben [&hellip;]<\/p>\n","protected":false},"author":2,"featured_media":0,"parent":760,"menu_order":24,"comment_status":"closed","ping_status":"closed","template":"","meta":{"_s2mail":"yes","ngg_post_thumbnail":0},"_links":{"self":[{"href":"http:\/\/pacifichigh.de\/wp_ph_de\/index.php?rest_route=\/wp\/v2\/pages\/769"}],"collection":[{"href":"http:\/\/pacifichigh.de\/wp_ph_de\/index.php?rest_route=\/wp\/v2\/pages"}],"about":[{"href":"http:\/\/pacifichigh.de\/wp_ph_de\/index.php?rest_route=\/wp\/v2\/types\/page"}],"author":[{"embeddable":true,"href":"http:\/\/pacifichigh.de\/wp_ph_de\/index.php?rest_route=\/wp\/v2\/users\/2"}],"replies":[{"embeddable":true,"href":"http:\/\/pacifichigh.de\/wp_ph_de\/index.php?rest_route=%2Fwp%2Fv2%2Fcomments&post=769"}],"version-history":[{"count":0,"href":"http:\/\/pacifichigh.de\/wp_ph_de\/index.php?rest_route=\/wp\/v2\/pages\/769\/revisions"}],"up":[{"embeddable":true,"href":"http:\/\/pacifichigh.de\/wp_ph_de\/index.php?rest_route=\/wp\/v2\/pages\/760"}],"wp:attachment":[{"href":"http:\/\/pacifichigh.de\/wp_ph_de\/index.php?rest_route=%2Fwp%2Fv2%2Fmedia&parent=769"}],"curies":[{"name":"wp","href":"https:\/\/api.w.org\/{rel}","templated":true}]}}