{"id":2084,"date":"2009-12-10T20:04:00","date_gmt":"2009-12-10T21:04:00","guid":{"rendered":" http:\/\/pacifichigh.de\/wp_ph_de\/?page_id=2084"},"modified":"2009-12-10T20:04:00","modified_gmt":"2009-12-10T21:04:00","slug":"panorama-2009-barcelonapanorama-2009-barcelonapanorama-2009-barcelonapanorama-2009-barcelona","status":"publish","type":"page","link":"http:\/\/pacifichigh.de\/wp_ph_de\/?page_id=2084","title":{"rendered":"Barcelona"},"content":{"rendered":"<p style=\"text-align: justify;\"><!--:de-->Wie schon in unserem Blog beschrieben hat uns Barcelona fasziniert. Dementsprechend viele Fotos und Panrama Aufnahmen habe ich auf meiner Festplatte. Hier eine Auswahl meiner liebsten Bilder\u00a0 (mit einem Doppelklick auf die Bilder \u00f6ffnet sich ein neues Fenster mit einer gr\u00f6\u00dferen Version der Bilder ca. 3000 Pixel breit, ein halbes MB gro\u00df. Die Originale haben teilweise eine Aufl\u00f6sung von 30.000 Pixeln und mehr in der Breite und sind \u00fcber 300 MB gro\u00df)<\/p>\n<figure id=\"attachment_2086\" aria-describedby=\"caption-attachment-2086\" style=\"width: 1100px\" class=\"wp-caption alignleft\"><a href=\" http:\/\/pacifichigh.de\/wp_ph_de\/wp-content\/uploads\/a3997_4001_barcelona_hafen_bearb.jpg\" target=\"_blank\"><img loading=\"lazy\" class=\" wp-image-2086    \" title=\"a3997_4001_barcelona_hafen_bearb\" alt=\"a3997_4001_barcelona_hafen_bearb\" src=\" http:\/\/pacifichigh.de\/wp_ph_de\/wp-content\/uploads\/a3997_4001_barcelona_hafen_bearb-1024x342.jpg\" width=\"1100\" height=\"250\" \/><\/a><figcaption id=\"caption-attachment-2086\" class=\"wp-caption-text\">Blick auf Barcelona vom MONTJUIC<\/figcaption><\/figure>\n<figure id=\"attachment_2088\" aria-describedby=\"caption-attachment-2088\" style=\"width: 1000px\" class=\"wp-caption alignleft\"><a href=\" http:\/\/pacifichigh.de\/wp_ph_de\/wp-content\/uploads\/a3881_3885_barcelona_anella_olimpica_bearb.jpg\" target=\"_blank\"><img loading=\"lazy\" class=\" wp-image-2088 \" title=\"a3881_3885_barcelona_anella_olimpica_bearb\" alt=\"a3881_3885_barcelona_anella_olimpica_bearb\" src=\" http:\/\/pacifichigh.de\/wp_ph_de\/wp-content\/uploads\/a3881_3885_barcelona_anella_olimpica_bearb-1024x434.jpg\" width=\"1000\" height=\"250\" \/><\/a><figcaption id=\"caption-attachment-2088\" class=\"wp-caption-text\">Anella Olimpica: hier fanden die Olympischen Spiele 1992 statt<\/figcaption><\/figure>\n<figure id=\"attachment_2089\" aria-describedby=\"caption-attachment-2089\" style=\"width: 1000px\" class=\"wp-caption alignleft\"><a href=\" http:\/\/pacifichigh.de\/wp_ph_de\/wp-content\/uploads\/a4007_4010_barcelona_hafen_bearb.jpg\" target=\"_blank\"><img loading=\"lazy\" class=\" wp-image-2089 \" title=\"a4007_4010_barcelona_hafen_bearb\" alt=\"a4007_4010_barcelona_hafen_bearb\" src=\" http:\/\/pacifichigh.de\/wp_ph_de\/wp-content\/uploads\/a4007_4010_barcelona_hafen_bearb-1024x350.jpg\" width=\"1000\" height=\"250\" \/><\/a><figcaption id=\"caption-attachment-2089\" class=\"wp-caption-text\">Blick auf den Hafen von Barcelona<\/figcaption><\/figure>\n<figure id=\"attachment_2091\" aria-describedby=\"caption-attachment-2091\" style=\"width: 1000px\" class=\"wp-caption alignleft\"><a href=\" http:\/\/pacifichigh.de\/wp_ph_de\/wp-content\/uploads\/a3904_3908_barcelona_anella_olimpica_bearb.jpg\" target=\"_blank\"><img loading=\"lazy\" class=\" wp-image-2091 \" title=\"a3904_3908_barcelona_anella_olimpica_bearb\" alt=\"a3904_3908_barcelona_anella_olimpica_bearb\" src=\" http:\/\/pacifichigh.de\/wp_ph_de\/wp-content\/uploads\/a3904_3908_barcelona_anella_olimpica_bearb-1024x365.jpg\" width=\"1000\" height=\"250\" \/><\/a><figcaption id=\"caption-attachment-2091\" class=\"wp-caption-text\">Das Olympiastadium von Barcelona<\/figcaption><\/figure>\n<p><!--:--><\/p>\n","protected":false},"excerpt":{"rendered":"<p>Wie schon in unserem Blog beschrieben hat uns Barcelona fasziniert. Dementsprechend viele Fotos und Panrama Aufnahmen habe ich auf meiner Festplatte. Hier eine Auswahl meiner liebsten Bilder\u00a0 (mit einem Doppelklick auf die Bilder \u00f6ffnet sich ein neues Fenster mit einer gr\u00f6\u00dferen Version der Bilder ca. 3000 Pixel breit, ein halbes MB gro\u00df. Die Originale haben [&hellip;]<\/p>\n","protected":false},"author":2,"featured_media":0,"parent":2521,"menu_order":0,"comment_status":"closed","ping_status":"closed","template":"page-templates\/template-full-width.php","meta":{"_s2mail":"yes","ngg_post_thumbnail":0},"_links":{"self":[{"href":"http:\/\/pacifichigh.de\/wp_ph_de\/index.php?rest_route=\/wp\/v2\/pages\/2084"}],"collection":[{"href":"http:\/\/pacifichigh.de\/wp_ph_de\/index.php?rest_route=\/wp\/v2\/pages"}],"about":[{"href":"http:\/\/pacifichigh.de\/wp_ph_de\/index.php?rest_route=\/wp\/v2\/types\/page"}],"author":[{"embeddable":true,"href":"http:\/\/pacifichigh.de\/wp_ph_de\/index.php?rest_route=\/wp\/v2\/users\/2"}],"replies":[{"embeddable":true,"href":"http:\/\/pacifichigh.de\/wp_ph_de\/index.php?rest_route=%2Fwp%2Fv2%2Fcomments&post=2084"}],"version-history":[{"count":0,"href":"http:\/\/pacifichigh.de\/wp_ph_de\/index.php?rest_route=\/wp\/v2\/pages\/2084\/revisions"}],"up":[{"embeddable":true,"href":"http:\/\/pacifichigh.de\/wp_ph_de\/index.php?rest_route=\/wp\/v2\/pages\/2521"}],"wp:attachment":[{"href":"http:\/\/pacifichigh.de\/wp_ph_de\/index.php?rest_route=%2Fwp%2Fv2%2Fmedia&parent=2084"}],"curies":[{"name":"wp","href":"https:\/\/api.w.org\/{rel}","templated":true}]}}