{"id":146,"date":"2008-11-08T10:07:58","date_gmt":"2008-11-08T11:07:58","guid":{"rendered":"http:\/\/blog.pacific-high.com\/?page_id=146"},"modified":"2008-11-08T10:07:58","modified_gmt":"2008-11-08T11:07:58","slug":"kolja","status":"publish","type":"page","link":"http:\/\/pacifichigh.de\/wp_ph_de\/?page_id=146","title":{"rendered":"Kolja"},"content":{"rendered":"<p><!--:de-->Kolja, geboren 1999 in F\u00fcrstenfeldbruck \/ Bayern.<\/p>\n<p>Kolja ist unter folgender E-Mail-Adresse zu erreichen:<\/p>\n<p>kolja.kaufmann \u00e4tt pacific-high punkt com\u00a0 (Bitte \u00e4tt und punkt ersetzen, leider n\u00f6tig wegen Spam)<\/p>\n<p><a class=\"thickbox\" href=\" http:\/\/pacifichigh.de\/wp_ph_de\/wp-content\/gallery\/kaufmann\/1000_1ds_3558.jpg\" target=\"_blank\"><img loading=\"lazy\" class=\"ngg-singlepic ngg-center alignleft\" src=\" http:\/\/pacifichigh.de\/wp_ph_de\/wp-content\/gallery\/kaufmann\/1000_1ds_3558.jpg\" alt=\"1000_1ds_3558.jpg\" width=\"600\" height=\"398\" \/><\/a><!--:--><!--:en-->Kolja, born 1999 in F\u00fcrstenfeldbruck \/ Bayern.<\/p>\n<p><a class=\"thickbox\" href=\" http:\/\/pacifichigh.de\/wp_ph_de\/wp-content\/gallery\/kaufmann\/1000_1ds_3558.jpg\" target=\"_blank\"><img loading=\"lazy\" class=\"ngg-singlepic ngg-center alignleft\" src=\" http:\/\/pacifichigh.de\/wp_ph_de\/wp-content\/gallery\/kaufmann\/1000_1ds_3558.jpg\" alt=\"1000_1ds_3558.jpg\" width=\"600\" height=\"398\" \/><\/a><!--:--><\/p>\n","protected":false},"excerpt":{"rendered":"<p>Kolja, geboren 1999 in F\u00fcrstenfeldbruck \/ Bayern. Kolja ist unter folgender E-Mail-Adresse zu erreichen: kolja.kaufmann \u00e4tt pacific-high punkt com\u00a0 (Bitte \u00e4tt und punkt ersetzen, leider n\u00f6tig wegen Spam) Kolja, born 1999 in F\u00fcrstenfeldbruck \/ Bayern.<\/p>\n","protected":false},"author":2,"featured_media":0,"parent":136,"menu_order":14,"comment_status":"closed","ping_status":"closed","template":"","meta":{"_s2mail":"","ngg_post_thumbnail":0},"_links":{"self":[{"href":"http:\/\/pacifichigh.de\/wp_ph_de\/index.php?rest_route=\/wp\/v2\/pages\/146"}],"collection":[{"href":"http:\/\/pacifichigh.de\/wp_ph_de\/index.php?rest_route=\/wp\/v2\/pages"}],"about":[{"href":"http:\/\/pacifichigh.de\/wp_ph_de\/index.php?rest_route=\/wp\/v2\/types\/page"}],"author":[{"embeddable":true,"href":"http:\/\/pacifichigh.de\/wp_ph_de\/index.php?rest_route=\/wp\/v2\/users\/2"}],"replies":[{"embeddable":true,"href":"http:\/\/pacifichigh.de\/wp_ph_de\/index.php?rest_route=%2Fwp%2Fv2%2Fcomments&post=146"}],"version-history":[{"count":0,"href":"http:\/\/pacifichigh.de\/wp_ph_de\/index.php?rest_route=\/wp\/v2\/pages\/146\/revisions"}],"up":[{"embeddable":true,"href":"http:\/\/pacifichigh.de\/wp_ph_de\/index.php?rest_route=\/wp\/v2\/pages\/136"}],"wp:attachment":[{"href":"http:\/\/pacifichigh.de\/wp_ph_de\/index.php?rest_route=%2Fwp%2Fv2%2Fmedia&parent=146"}],"curies":[{"name":"wp","href":"https:\/\/api.w.org\/{rel}","templated":true}]}}