{"id":138,"date":"2008-11-08T10:04:32","date_gmt":"2008-11-08T11:04:32","guid":{"rendered":"http:\/\/blog.pacific-high.com\/?page_id=138"},"modified":"2008-11-08T10:04:32","modified_gmt":"2008-11-08T11:04:32","slug":"klaus","status":"publish","type":"page","link":"http:\/\/pacifichigh.de\/wp_ph_de\/?page_id=138","title":{"rendered":"Klaus"},"content":{"rendered":"<p><!--:de--><\/p>\n<p style=\"text-align: justify;\"><a href=\"http:\/\/blog.pacific-high.com\/wp-content\/uploads\/crew_klaus_1.jpg\" target=\"_blank\"><img loading=\"lazy\" class=\"alignright size-medium wp-image-466\" title=\"crew_klaus_1\" src=\"http:\/\/blog.pacific-high.com\/wp-content\/uploads\/crew_klaus_1-300x231.jpg\" alt=\"\" width=\"300\" height=\"231\" \/><\/a><strong><span style=\"color: #ff6600;\">Einmal unter Segeln um die Welt zu reisen&#8230;<\/span><\/strong> davon habe ich seit meinem 17.ten Lebensjahr getr\u00e4umt. Es gab keinen konkreten Plan, kein wirkliches Konzept. Wie oft habe ich aber einen Atlanten ge\u00f6ffnet, die Weltkarte aufgeschlagen, mit den Fingern die K\u00fcstenlinien abgefahren und mir vorgestellt, zu diesen Orten zu segeln. Dieses Gef\u00fchl der Freiheit, wenn man aufs offene Meer hinaus segelt, diesen Hintergedanken im Kopf keine Grenzen zu haben, \u201eman k\u00f6nnte jetzt\u00a0 bis ans Ende der Welt segeln\u201c, auch wenn man nur das Ruder eines kleinen\u00a0 Segelbootes in der Hand h\u00e4lt, das man gerade mal f\u00fcr eine Woche gechartert hat. Den Wind und die Wellen zu sp\u00fcren, eins mit den Elementen zu sein, sie intensiv in sich aufzunehmen, sich wirklich lebendig f\u00fchlen. Trotz dieser Liebe zum Meer habe ich auch eine geh\u00f6rige Portion Respekt vor seiner Unberechenbarkeit und seiner Kraft.<\/p>\n<p style=\"text-align: justify;\"><a href=\"http:\/\/blog.pacific-high.com\/wp-content\/uploads\/crew_klaus_4.jpg\" target=\"_blank\"><img loading=\"lazy\" class=\"alignleft size-medium wp-image-469\" title=\"crew_klaus_4\" src=\"http:\/\/blog.pacific-high.com\/wp-content\/uploads\/crew_klaus_4-300x224.jpg\" alt=\"\" width=\"300\" height=\"224\" \/><\/a>Meine Wurzeln liegen in Deutschland (dort bin ich geboren) und im Tessin\/Schweiz (dort bin ich aufgewachsen). Ich f\u00fchle mich jedoch nicht einem bestimmten Land zugeh\u00f6rig sondern vielmehr als \u201eErdenb\u00fcrger\u201c da ich in vielen L\u00e4ndern gelebt oder sie bereist und\u00a0 ihre Besonderheiten, Sprachen und Kulturen kennengelernt habe. Auch im Beruf habe ich einen neuen entfernten Arbeitsplatz immer dem Bekannten und Eingefahrenen vorgezogen. Zwei Stationen meines Berufslebens m\u00f6chte ich kurz erw\u00e4hnen: die Fa. <a title=\"Spuerkel\" href=\"http:\/\/www.spuerkel.de\/\" target=\"_blank\">SP\u00dcRKEL<\/a> mit Sitz in Bochum, die mir den Kontakt zum Wassersport brachte und die <a title=\"Tomic Group\" href=\"http:\/\/www.tomic.de\/\" target=\"_blank\">TOMIC GROUP<\/a> f\u00fcr die ich als Gesch\u00e4ftsf\u00fchrer die letzten 15 Jahre t\u00e4tig war.<\/p>\n<p style=\"text-align: justify;\"><a href=\"http:\/\/blog.pacific-high.com\/wp-content\/uploads\/crew_klaus_21.jpg\" target=\"_blank\"><img loading=\"lazy\" class=\"alignright size-medium wp-image-483\" title=\"crew_klaus_21\" src=\"http:\/\/blog.pacific-high.com\/wp-content\/uploads\/crew_klaus_21-243x300.jpg\" alt=\"\" width=\"243\" height=\"300\" \/><\/a>Meine Erfahrungen mit dem Wassersport begannen in den 80ern als ich die Leitung eines gro\u00dfen deutschen Yachth\u00e4ndlers \u00fcbernahm. In den folgenden Jahren habe ich beruflich und privat die K\u00fcsten des Mittelmeeres intensiv kennengelernt. In den 90ern hatte ich dann das Gl\u00fcck an vielen Langzeitregatten teilzunehmen wie die World Match Racing Tour oder Alpe Adria Sailing Tour von Venedig nach Dubrovik und dabei mit so klangvollen Namen wie Peter Holmberg und Russel Coutts zu segeln.<\/p>\n<p style=\"text-align: justify;\">Unsere Weltumsegelung sehe ich allerdings nicht als eine Rallye oder eine Regatta sondern in einem ganz anderen Licht: ich m\u00f6chte mir Zeit nehmen, keinen festen Plan verfolgen und viel von Land, Leuten und Kultur in mir aufnehmen&#8230; Auch m\u00f6chte ich keine neuen Rekorde aufstellen, schneller, besser, h\u00f6her oder weiter als jemand anderes segeln. Ich m\u00f6chte die Welt sehen, viel Zeit mit meiner Familie verbringen, jeden einzelnen Augenblick genie\u00dfen!\u00a0 Am besten kann ich den Versuch mein Lebensziel zu definieren mit folgendem Gedicht von <a title=\"Jorge Luis Borges\" href=\"http:\/\/de.wikipedia.org\/wiki\/Jorge_Luis_Borges\" target=\"_blank\">Jorge Luis Borges<\/a> ausdr\u00fccken:<\/p>\n<p style=\"text-align: justify;\">\n<p style=\"text-align: justify;\">\n<h3 style=\"text-align: center;\"><strong><span style=\"color: #000000;\">Wenn ich mein Leben noch einmal leben k\u00f6nnte&#8230;<\/span><\/strong><\/h3>\n<p style=\"text-align: center;\"><strong><\/strong><\/p>\n<p><strong><\/strong><\/p>\n<p style=\"text-align: center;\"><strong>Im n\u00e4chsten Leben w\u00fcrde ich versuchen,<\/strong><strong>mehr Fehler zu machen.<\/strong><\/p>\n<p style=\"text-align: center;\"><strong>Ich w\u00fcrde nicht so perfekt sein wollen.<\/strong><\/p>\n<p style=\"text-align: center;\"><strong>Ich w\u00fcrde mich mehr entspannen.<\/strong><\/p>\n<p style=\"text-align: center;\"><strong>Ich w\u00e4re ein bi\u00dfchen verr\u00fcckter, als ich es gewesen bin,<\/strong><\/p>\n<p style=\"text-align: center;\"><strong>ich w\u00fcrde viel weniger Dinge so ernst nehmen.<\/strong><\/p>\n<p style=\"text-align: center;\"><strong>Ich w\u00fcrde nicht so gesund leben.<\/strong><\/p>\n<p style=\"text-align: center;\"><strong>Ich w\u00fcrde mehr riskieren, w\u00fcrde mehr reisen,<\/strong><\/p>\n<p style=\"text-align: center;\"><strong>Sonnenunterg\u00e4nge betrachten, mehr bergsteigen,<\/strong><\/p>\n<p style=\"text-align: center;\"><strong>mehr in Fl\u00fcssen schwimmen.<\/strong><\/p>\n<p style=\"text-align: center;\"><strong>Ich war einer dieser klugen Menschen,<\/strong><\/p>\n<p style=\"text-align: center;\"><strong>die jede Minute ihres Lebens fruchtbar verbrachten.<\/strong><\/p>\n<p style=\"text-align: center;\"><strong>Freilich hatte ich auch Momente der Freude,<\/strong><\/p>\n<p style=\"text-align: center;\"><strong>aber wenn ich noch einmal anfangen k\u00f6nnte,<\/strong><\/p>\n<p style=\"text-align: center;\"><strong>w\u00fcrde ich versuchen, viel mehr gute Augenblicke zu haben.<\/strong><\/p>\n<p style=\"text-align: center;\"><strong>Falls du es noch nicht wei\u00dft:<\/strong><\/p>\n<p style=\"text-align: center;\"><strong>aus diesen besteht n\u00e4mlich das Leben;<\/strong><\/p>\n<p style=\"text-align: center;\"><strong>nur aus Augenblicken &#8211; vergi\u00df nicht den jetzigen.<\/strong><\/p>\n<p style=\"text-align: center;\"><strong>Wenn ich noch einmal leben k\u00f6nnte,<\/strong><\/p>\n<p style=\"text-align: center;\"><strong>w\u00fcrde ich von Fr\u00fchlingsbeginn an<\/strong><\/p>\n<p style=\"text-align: center;\"><strong>bis in den Sp\u00e4therbst hinein barfu\u00df gehen.<\/strong><\/p>\n<p style=\"text-align: center;\"><strong>Und ich w\u00fcrde mehr mit Kindern spielen,<\/strong><\/p>\n<p style=\"text-align: center;\"><strong>wenn ich das Leben noch vor mir h\u00e4tte.<\/strong><\/p>\n<p style=\"text-align: center;\"><strong>Jorge Luis Borges<\/strong><\/p>\n<p style=\"text-align: center;\"><a href=\"http:\/\/blog.pacific-high.com\/wp-content\/uploads\/crew_klaus_3.jpg\"><img loading=\"lazy\" class=\"aligncenter size-full wp-image-480\" title=\"crew_klaus_3\" src=\"http:\/\/blog.pacific-high.com\/wp-content\/uploads\/crew_klaus_3.jpg\" alt=\"\" width=\"500\" height=\"187\" \/><\/a><\/p>\n<p style=\"text-align: center;\">\n<p style=\"text-align: center;\">Dieses Gedicht\u00a0 hat noch zwei weitere Zeilen, die aber oft nicht mit zitiert werden:<\/p>\n<p style=\"text-align: center;\"><strong>Aber sehen Sie&#8230; ich bin 85 Jahre alt<\/strong><\/p>\n<p style=\"text-align: center;\"><strong>und wei\u00df, dass ich bald sterben werde.<\/strong><\/p>\n<h3 style=\"text-align: center;\"><span style=\"color: #ff6600;\"><strong>Nun&#8230; solange wollte ich dann doch nicht warten,<\/strong><\/span><span style=\"color: #ff6600;\"><strong><\/strong><\/p>\n<p style=\"text-align: center;\"><strong>und so beginnt mein Abenteuer Weltumsegelung mit\u00a0 44 Jahren&#8230;<\/strong><\/p>\n<p><\/span><\/h3>\n<p style=\"text-align: center;\">\n<p><!--:--><!--:en--><\/p>\n<p style=\"text-align: justify;\"><a href=\"http:\/\/blog.pacific-high.com\/wp-content\/uploads\/crew_klaus_1.jpg\" target=\"_blank\"><img loading=\"lazy\" class=\"size-medium wp-image-466 alignright\" title=\"crew_klaus_1\" src=\"http:\/\/blog.pacific-high.com\/wp-content\/uploads\/crew_klaus_1-300x231.jpg\" alt=\"\" width=\"300\" height=\"231\" \/><\/a><strong><span style=\"color: #ff6600;\">To travel once under sails around the world&#8230;<\/span><\/strong> of this I have dreamt since I was 17 years old.\u00a0There was no concrete plan, no real concept. How often I have opened atlases, opened the map of the world, followed the coastlines with my finger and have imagined to sail to these places. This feeling of freedom if you sail on the open sea,\u00a0 this mind in the head to have no borders, \u201enow you could sail till the end of the world\u201c, even if you hold only the oar of a small sailboat in the hand, chartered just for one week. To feel the wind and the waves, to be one with the elements, feeling really alive. In spite of this love to the sea I also have a proper serving of respect of his unpredictability and his strength.<\/p>\n<p style=\"text-align: justify;\"><a href=\"http:\/\/blog.pacific-high.com\/wp-content\/uploads\/crew_klaus_4.jpg\" target=\"_blank\"><img loading=\"lazy\" class=\"alignleft size-medium wp-image-469\" title=\"crew_klaus_4\" src=\"http:\/\/blog.pacific-high.com\/wp-content\/uploads\/crew_klaus_4-300x224.jpg\" alt=\"\" width=\"300\" height=\"224\" \/><\/a>My roots are located in Germany (there I am born) and in Ticino \/ Switzerland (there I have grown up). Nevertheless, I do not feel accompanying to a certain country\u00a0but rather as &#8220;a cosmopolitan&#8221; because I have lived in many countries or visited them and learned their specific features, languages and cultures. Also in\u00a0 occupation I have preferred a new distant job always to the friend and well-worn. Two stations of my occupational life I would like to mention briefly : the company \u00a0 <a title=\"Spuerkel\" href=\"http:\/\/www.spuerkel.de\/\" target=\"_blank\">SP\u00dcRKEL<\/a> with headquarter in Bochum, brought the contact with the water sport to me and the <a title=\"Tomic Group\" href=\"http:\/\/www.tomic.de\/\" target=\"_blank\">TOMIC GROUP<\/a> for that I was active as a manager the last 15 years.<\/p>\n<p style=\"text-align: justify;\"><a href=\"http:\/\/blog.pacific-high.com\/wp-content\/uploads\/crew_klaus_21.jpg\" target=\"_blank\"><img loading=\"lazy\" class=\"alignright size-medium wp-image-483\" title=\"crew_klaus_21\" src=\"http:\/\/blog.pacific-high.com\/wp-content\/uploads\/crew_klaus_21-243x300.jpg\" alt=\"\" width=\"243\" height=\"300\" \/><\/a>My experiences in water sport began in the 80th when I took over the management of a big German yacht trader. During the following years I became acquainted\u00a0 professionally and privately acute the coasts of the Mediterranean Sea. Then in the 90th I had the luck to take part\u00a0 in many long time regattas like the World Match Racing Tour, or the Alpe Adriatic Sailing tour of Venice from Dubrovik and to sail with names so wellsounding like Peter Holmberg and Russel Coutts.<\/p>\n<p style=\"text-align: justify;\">Thoug I do not see our circumnavigation\u00a0 as a rallye or a regatta but rather in a different light: I would like to find time to for myself and my family, we have no fixed plan to pursue\u00a0and would like take up a lot from country, people and culture&#8230; Also I would like to set no new records,\u00a0faster, better, higher or further than someone else to sail. I would like to see the world, spending a lot of time with my family, enjoying every single moment!\u00a0 Best of all I am able\u00a0 to express the aim of our adventure with the following poem from <a title=\"Jorge Luis Borges\" href=\"http:\/\/de.wikipedia.org\/wiki\/Jorge_Luis_Borges\" target=\"_blank\">Jorge Luis Borges<\/a>:<\/p>\n<p style=\"text-align: justify;\">.<\/p>\n<p style=\"text-align: justify;\">.<\/p>\n<p style=\"text-align: center;\"><strong>If i could live my life once again<\/strong><\/p>\n<p style=\"text-align: center;\">In the next life I would try to make more mistake.<\/p>\n<p style=\"text-align: center;\">I wouldn&#8217;t be so perfect,<\/p>\n<p style=\"text-align: center;\">I would become more relaxed.<\/p>\n<p style=\"text-align: center;\">I would be more crazy a little bit than I have been,<\/p>\n<p style=\"text-align: center;\">I would take much fewer things so seriously.<\/p>\n<p style=\"text-align: center;\">I would not live so healthy.<\/p>\n<p style=\"text-align: center;\">I would risk more, would travel more,<\/p>\n<p style=\"text-align: center;\">looking the sundown, more mountaineering,<\/p>\n<p style=\"text-align: center;\">more swimming in rivers.<\/p>\n<p style=\"text-align: center;\">I was one of these intellectual people,<\/p>\n<p style=\"text-align: center;\">every minute of their life spent fertile;<\/p>\n<p style=\"text-align: center;\">admittedly, i also had moments of joy,<\/p>\n<p style=\"text-align: center;\">but if I could start over,<\/p>\n<p style=\"text-align: center;\">so I tried to have more good moments.<\/p>\n<p style=\"text-align: center;\">If you don&#8217;t know by now,<\/p>\n<p style=\"text-align: center;\">the life exists even of these;<\/p>\n<p style=\"text-align: center;\">only from moments;<\/p>\n<p style=\"text-align: center;\">do not forget the current one.<\/p>\n<p style=\"text-align: center;\">If I could live once again,<\/p>\n<p style=\"text-align: center;\">I would walk barefoot from spring beginning<\/p>\n<p style=\"text-align: center;\">till the late autumn.<\/p>\n<p style=\"text-align: center;\">And I would play more with children,<\/p>\n<p style=\"text-align: center;\">if I had still the life before myself.<\/p>\n<p style=\"text-align: center;\"><strong>Jorge Luis Borges<\/strong><\/p>\n<p style=\"text-align: center;\"><a href=\"http:\/\/blog.pacific-high.com\/wp-content\/uploads\/crew_klaus_3.jpg\"><img loading=\"lazy\" class=\"aligncenter size-full wp-image-480\" title=\"crew_klaus_3\" src=\"http:\/\/blog.pacific-high.com\/wp-content\/uploads\/crew_klaus_3.jpg\" alt=\"\" width=\"500\" height=\"187\" \/><\/a><\/p>\n<p style=\"text-align: center;\">\n<p style=\"text-align: center;\">This poem has\u00a0 two further lines which are not often cited:<\/p>\n<p style=\"text-align: center;\">However, you see&#8230; I am 85 years old and I know that I will die soon.<\/p>\n<p style=\"text-align: center;\"><strong><span style=\"color: #ff6600;\">Well, however&#8230; I didn&#8217;t want to wait so long!<\/span><\/strong><\/p>\n<p style=\"text-align: center;\"><strong><span style=\"color: #ff6600;\">And so, my adventure of the circumnavigation begins with 44 years&#8230;<\/span><\/strong><\/p>\n<p><strong><\/strong><!--:--><\/p>\n","protected":false},"excerpt":{"rendered":"<p>Einmal unter Segeln um die Welt zu reisen&#8230; davon habe ich seit meinem 17.ten Lebensjahr getr\u00e4umt. Es gab keinen konkreten Plan, kein wirkliches Konzept. Wie oft habe ich aber einen Atlanten ge\u00f6ffnet, die Weltkarte aufgeschlagen, mit den Fingern die K\u00fcstenlinien abgefahren und mir vorgestellt, zu diesen Orten zu segeln. Dieses Gef\u00fchl der Freiheit, wenn man [&hellip;]<\/p>\n","protected":false},"author":2,"featured_media":0,"parent":136,"menu_order":11,"comment_status":"closed","ping_status":"closed","template":"","meta":{"_s2mail":"","ngg_post_thumbnail":0},"_links":{"self":[{"href":"http:\/\/pacifichigh.de\/wp_ph_de\/index.php?rest_route=\/wp\/v2\/pages\/138"}],"collection":[{"href":"http:\/\/pacifichigh.de\/wp_ph_de\/index.php?rest_route=\/wp\/v2\/pages"}],"about":[{"href":"http:\/\/pacifichigh.de\/wp_ph_de\/index.php?rest_route=\/wp\/v2\/types\/page"}],"author":[{"embeddable":true,"href":"http:\/\/pacifichigh.de\/wp_ph_de\/index.php?rest_route=\/wp\/v2\/users\/2"}],"replies":[{"embeddable":true,"href":"http:\/\/pacifichigh.de\/wp_ph_de\/index.php?rest_route=%2Fwp%2Fv2%2Fcomments&post=138"}],"version-history":[{"count":0,"href":"http:\/\/pacifichigh.de\/wp_ph_de\/index.php?rest_route=\/wp\/v2\/pages\/138\/revisions"}],"up":[{"embeddable":true,"href":"http:\/\/pacifichigh.de\/wp_ph_de\/index.php?rest_route=\/wp\/v2\/pages\/136"}],"wp:attachment":[{"href":"http:\/\/pacifichigh.de\/wp_ph_de\/index.php?rest_route=%2Fwp%2Fv2%2Fmedia&parent=138"}],"curies":[{"name":"wp","href":"https:\/\/api.w.org\/{rel}","templated":true}]}}